[INFO] cloning repository https://github.com/knowtheory/s3_log_parse
[INFO] running `Command { std: "git" "-c" "credential.helper=" "-c" "credential.helper=/workspace/cargo-home/bin/git-credential-null" "clone" "--bare" "https://github.com/knowtheory/s3_log_parse" "/workspace/cache/git-repos/https%3A%2F%2Fgithub.com%2Fknowtheory%2Fs3_log_parse", kill_on_drop: false }`
[INFO] [stderr] Cloning into bare repository '/workspace/cache/git-repos/https%3A%2F%2Fgithub.com%2Fknowtheory%2Fs3_log_parse'...
[INFO] running `Command { std: "git" "rev-parse" "HEAD", kill_on_drop: false }`
[INFO] [stdout] f18268b3aff6af67605ba0da503a4814a3a7c24f
[INFO] checking knowtheory/s3_log_parse against try#72f88fc4e9458f89516a0b8b0868f3718aec5b47 for pr-74989
[INFO] running `Command { std: "git" "clone" "/workspace/cache/git-repos/https%3A%2F%2Fgithub.com%2Fknowtheory%2Fs3_log_parse" "/workspace/builds/worker-1/source", kill_on_drop: false }`
[INFO] [stderr] Cloning into '/workspace/builds/worker-1/source'...
[INFO] [stderr] done.
[INFO] validating manifest of git repo https://github.com/knowtheory/s3_log_parse on toolchain 72f88fc4e9458f89516a0b8b0868f3718aec5b47
[INFO] running `Command { std: "/workspace/cargo-home/bin/cargo" "+72f88fc4e9458f89516a0b8b0868f3718aec5b47" "read-manifest" "--manifest-path" "Cargo.toml", kill_on_drop: false }`
[INFO] started tweaking git repo https://github.com/knowtheory/s3_log_parse
[INFO] finished tweaking git repo https://github.com/knowtheory/s3_log_parse
[INFO] tweaked toml for git repo https://github.com/knowtheory/s3_log_parse written to /workspace/builds/worker-1/source/Cargo.toml
[INFO] crate git repo https://github.com/knowtheory/s3_log_parse already has a lockfile, it will not be regenerated
[INFO] running `Command { std: "/workspace/cargo-home/bin/cargo" "+72f88fc4e9458f89516a0b8b0868f3718aec5b47" "fetch" "--locked" "--manifest-path" "Cargo.toml", kill_on_drop: false }`
[INFO] [stderr] error: the lock file /workspace/builds/worker-1/source/Cargo.lock needs to be updated but --locked was passed to prevent this
[INFO] [stderr] If you want to try to generate the lock file without accessing the network, use the --offline flag.
[INFO] the lockfile is outdated, regenerating it
[INFO] running `Command { std: "/workspace/cargo-home/bin/cargo" "+72f88fc4e9458f89516a0b8b0868f3718aec5b47" "generate-lockfile" "--manifest-path" "Cargo.toml" "-Zno-index-update", kill_on_drop: false }`
[INFO] running `Command { std: "/workspace/cargo-home/bin/cargo" "+72f88fc4e9458f89516a0b8b0868f3718aec5b47" "fetch" "--locked" "--manifest-path" "Cargo.toml", kill_on_drop: false }`
[INFO] running `Command { std: "docker" "create" "-v" "/var/lib/crater-agent-workspace/builds/worker-1/target:/opt/rustwide/target:rw,Z" "-v" "/var/lib/crater-agent-workspace/builds/worker-1/source:/opt/rustwide/workdir:ro,Z" "-v" "/var/lib/crater-agent-workspace/cargo-home:/opt/rustwide/cargo-home:ro,Z" "-v" "/var/lib/crater-agent-workspace/rustup-home:/opt/rustwide/rustup-home:ro,Z" "-e" "SOURCE_DIR=/opt/rustwide/workdir" "-e" "CARGO_TARGET_DIR=/opt/rustwide/target" "-e" "CARGO_HOME=/opt/rustwide/cargo-home" "-e" "RUSTUP_HOME=/opt/rustwide/rustup-home" "-w" "/opt/rustwide/workdir" "-m" "1610612736" "--user" "0:0" "--network" "none" "rustops/crates-build-env@sha256:d92eaeed33fa75130ca1ee6c8a01d1ffb62bac859dfdfb3450e3e5d1c0146529" "/opt/rustwide/cargo-home/bin/cargo" "+72f88fc4e9458f89516a0b8b0868f3718aec5b47" "metadata" "--no-deps" "--format-version=1", kill_on_drop: false }`
[INFO] [stderr] WARNING: Your kernel does not support swap limit capabilities or the cgroup is not mounted. Memory limited without swap.
[INFO] [stdout] 1d3d2790bb1e63025237cdcda3ea07e925e093ba1c7131872e755167bd286948
[INFO] running `Command { std: "docker" "start" "-a" "1d3d2790bb1e63025237cdcda3ea07e925e093ba1c7131872e755167bd286948", kill_on_drop: false }`
[INFO] running `Command { std: "docker" "inspect" "1d3d2790bb1e63025237cdcda3ea07e925e093ba1c7131872e755167bd286948", kill_on_drop: false }`
[INFO] running `Command { std: "docker" "rm" "-f" "1d3d2790bb1e63025237cdcda3ea07e925e093ba1c7131872e755167bd286948", kill_on_drop: false }`
[INFO] [stdout] 1d3d2790bb1e63025237cdcda3ea07e925e093ba1c7131872e755167bd286948
[INFO] running `Command { std: "docker" "create" "-v" "/var/lib/crater-agent-workspace/builds/worker-1/target:/opt/rustwide/target:rw,Z" "-v" "/var/lib/crater-agent-workspace/builds/worker-1/source:/opt/rustwide/workdir:ro,Z" "-v" "/var/lib/crater-agent-workspace/cargo-home:/opt/rustwide/cargo-home:ro,Z" "-v" "/var/lib/crater-agent-workspace/rustup-home:/opt/rustwide/rustup-home:ro,Z" "-e" "SOURCE_DIR=/opt/rustwide/workdir" "-e" "CARGO_TARGET_DIR=/opt/rustwide/target" "-e" "CARGO_INCREMENTAL=0" "-e" "RUST_BACKTRACE=full" "-e" "RUSTFLAGS=--cap-lints=forbid" "-e" "CARGO_HOME=/opt/rustwide/cargo-home" "-e" "RUSTUP_HOME=/opt/rustwide/rustup-home" "-w" "/opt/rustwide/workdir" "-m" "1610612736" "--user" "0:0" "--network" "none" "rustops/crates-build-env@sha256:d92eaeed33fa75130ca1ee6c8a01d1ffb62bac859dfdfb3450e3e5d1c0146529" "/opt/rustwide/cargo-home/bin/cargo" "+72f88fc4e9458f89516a0b8b0868f3718aec5b47" "check" "--frozen" "--all" "--all-targets" "--message-format=json", kill_on_drop: false }`
[INFO] [stdout] ee04f234f2a9c14fc49b19a9fcb98f740ddde45426c78a2fd67928a1e3b0d885
[INFO] [stderr] WARNING: Your kernel does not support swap limit capabilities or the cgroup is not mounted. Memory limited without swap.
[INFO] running `Command { std: "docker" "start" "-a" "ee04f234f2a9c14fc49b19a9fcb98f740ddde45426c78a2fd67928a1e3b0d885", kill_on_drop: false }`
[INFO] [stderr]    Compiling autocfg v1.0.1
[INFO] [stderr]    Compiling byteorder v1.3.4
[INFO] [stderr]    Compiling libc v0.2.77
[INFO] [stderr]    Compiling serde v1.0.116
[INFO] [stderr]    Compiling ryu v1.0.5
[INFO] [stderr]     Checking lazy_static v1.4.0
[INFO] [stderr]     Checking rustc-serialize v0.3.24
[INFO] [stderr]     Checking itoa v0.4.6
[INFO] [stderr]    Compiling num-traits v0.2.12
[INFO] [stderr]    Compiling num-integer v0.1.43
[INFO] [stderr]    Compiling num-iter v0.1.41
[INFO] [stderr]     Checking regex-automata v0.1.9
[INFO] [stderr]     Checking time v0.1.44
[INFO] [stderr]     Checking num v0.1.42
[INFO] [stderr]     Checking chrono v0.2.25
[INFO] [stderr]     Checking bstr v0.2.13
[INFO] [stderr]     Checking csv v1.1.3
[INFO] [stderr]     Checking s3_log_parser v0.0.1 (/opt/rustwide/workdir)
[INFO] [stdout] warning: unused import: `std::io::prelude::*`
[INFO] [stdout]   --> src/main.rs:13:5
[INFO] [stdout]    |
[INFO] [stdout] 13 | use std::io::prelude::*;
[INFO] [stdout]    |     ^^^^^^^^^^^^^^^^^^^
[INFO] [stdout]    |
[INFO] [stdout]    = note: `#[warn(unused_imports)]` on by default
[INFO] [stdout] 
[INFO] [stdout] 
[INFO] [stdout] warning: use of deprecated associated function `std::error::Error::description`: use the Display impl or to_string()
[INFO] [stdout]   --> src/main.rs:78:69
[INFO] [stdout]    |
[INFO] [stdout] 78 |                 Err(why) => panic!("couldn't open {}: {}", display, Error::description(&why)),
[INFO] [stdout]    |                                                                     ^^^^^^^^^^^^^^^^^^
[INFO] [stdout]    |
[INFO] [stdout]    = note: `#[warn(deprecated)]` on by default
[INFO] [stdout] 
[INFO] [stdout] 
[INFO] [stdout] warning: use of deprecated associated function `std::error::Error::description`: use the Display impl or to_string()
[INFO] [stdout]   --> src/main.rs:87:69
[INFO] [stdout]    |
[INFO] [stdout] 87 |                 Err(why) => panic!("couldn't open {}: {}", display, Error::description(&why)),
[INFO] [stdout]    |                                                                     ^^^^^^^^^^^^^^^^^^
[INFO] [stdout] 
[INFO] [stdout] 
[INFO] [stdout] warning: unused import: `std::io::prelude::*`
[INFO] [stdout]   --> src/main.rs:13:5
[INFO] [stdout]    |
[INFO] [stdout] 13 | use std::io::prelude::*;
[INFO] [stdout]    |     ^^^^^^^^^^^^^^^^^^^
[INFO] [stdout]    |
[INFO] [stdout]    = note: `#[warn(unused_imports)]` on by default
[INFO] [stdout] 
[INFO] [stdout] 
[INFO] [stdout] warning: use of deprecated associated function `std::error::Error::description`: use the Display impl or to_string()
[INFO] [stdout]   --> src/main.rs:78:69
[INFO] [stdout]    |
[INFO] [stdout] 78 |                 Err(why) => panic!("couldn't open {}: {}", display, Error::description(&why)),
[INFO] [stdout]    |                                                                     ^^^^^^^^^^^^^^^^^^
[INFO] [stdout]    |
[INFO] [stdout]    = note: `#[warn(deprecated)]` on by default
[INFO] [stdout] 
[INFO] [stdout] 
[INFO] [stdout] warning: use of deprecated associated function `std::error::Error::description`: use the Display impl or to_string()
[INFO] [stdout]   --> src/main.rs:87:69
[INFO] [stdout]    |
[INFO] [stdout] 87 |                 Err(why) => panic!("couldn't open {}: {}", display, Error::description(&why)),
[INFO] [stdout]    |                                                                     ^^^^^^^^^^^^^^^^^^
[INFO] [stdout] 
[INFO] [stdout] 
[INFO] [stdout] error[E0599]: no function or associated item named `from_buffer` found for struct `Writer<_>` in the current scope
[INFO] [stdout]   --> src/main.rs:91:48
[INFO] [stdout]    |
[INFO] [stdout] 91 |             let mut output_csv  = csv::Writer::from_buffer(buf_write);
[INFO] [stdout]    |                                                ^^^^^^^^^^^ function or associated item not found in `Writer<_>`
[INFO] [stdout] 
[INFO] [stdout] 
[INFO] [stdout] error[E0599]: no method named `chars` found for struct `BufReader<&File>` in the current scope
[INFO] [stdout]   --> src/main.rs:97:32
[INFO] [stdout]    |
[INFO] [stdout] 97 |             for c_wrap in file.chars() {
[INFO] [stdout]    |                                ^^^^^ method not found in `BufReader<&File>`
[INFO] [stdout] 
[INFO] [stdout] 
[INFO] [stdout] error: aborting due to 2 previous errors; 3 warnings emitted
[INFO] [stdout] 
[INFO] [stdout] 
[INFO] [stdout] For more information about this error, try `rustc --explain E0599`.
[INFO] [stdout] 
[INFO] [stderr] error: could not compile `s3_log_parser`.
[INFO] [stderr] 
[INFO] [stderr] To learn more, run the command again with --verbose.
[INFO] [stderr] warning: build failed, waiting for other jobs to finish...
[INFO] [stdout] error[E0599]: no function or associated item named `from_buffer` found for struct `Writer<_>` in the current scope
[INFO] [stdout]   --> src/main.rs:91:48
[INFO] [stdout]    |
[INFO] [stdout] 91 |             let mut output_csv  = csv::Writer::from_buffer(buf_write);
[INFO] [stdout]    |                                                ^^^^^^^^^^^ function or associated item not found in `Writer<_>`
[INFO] [stdout] 
[INFO] [stdout] 
[INFO] [stdout] error[E0599]: no method named `chars` found for struct `BufReader<&File>` in the current scope
[INFO] [stdout]   --> src/main.rs:97:32
[INFO] [stdout]    |
[INFO] [stdout] 97 |             for c_wrap in file.chars() {
[INFO] [stdout]    |                                ^^^^^ method not found in `BufReader<&File>`
[INFO] [stdout] 
[INFO] [stdout] 
[INFO] [stdout] error: aborting due to 2 previous errors; 3 warnings emitted
[INFO] [stdout] 
[INFO] [stdout] 
[INFO] [stdout] For more information about this error, try `rustc --explain E0599`.
[INFO] [stdout] 
[INFO] [stderr] error: build failed
[INFO] running `Command { std: "docker" "inspect" "ee04f234f2a9c14fc49b19a9fcb98f740ddde45426c78a2fd67928a1e3b0d885", kill_on_drop: false }`
[INFO] running `Command { std: "docker" "rm" "-f" "ee04f234f2a9c14fc49b19a9fcb98f740ddde45426c78a2fd67928a1e3b0d885", kill_on_drop: false }`
[INFO] [stdout] ee04f234f2a9c14fc49b19a9fcb98f740ddde45426c78a2fd67928a1e3b0d885
